uppose -7 = -o - 2. Let s be 180/(-324)*-1*9. What is the highest common factor of o and s?
5
Suppose -l + 42 = -18. Suppose 0 = 10*v - 5*v - l. What is the highest common factor of v and 18?
6
Let s = 24 - 20. Let o = 11 - s. Let t(n) = -n**2 + 7*n + 7. Let k be t(o). Calculate the greatest common divisor of k and 21.
7
Let b = -8 + 18. Suppose 0 = 4*u + 3*j - 326, b = 6*j - j. Suppose 6*k = 2*k + u. What is the greatest common divisor of 8 and k?
4
Suppose -100 = -6*c + 110. Calculate the highest common divisor of 175 and c.
35
Let a(y) = -y**2 + 11*y. Let c be a(6). Let s = 60 + -29. Suppose 0 = -3*l + s - 1. What is the greatest common factor of l and c?
10
Let l(x) = 17*x + 190. Let m be l(-5). What is the greatest common divisor of m and 560?
35
Suppose 3*x = -4*w + 59, 0 = 3*w + 2*x + 11 - 55. Calculate the highest common divisor of 21 and w.
7
Let v = 85 + -66. What is the greatest common divisor of v and 247?
19
Let o = -308 - -748. What is the greatest common divisor of o and 55?
55
Let o = 99 - 69. Suppose -5*y = -5*m + 80, -3*y = 3*m - m - 27. What is the greatest common divisor of m and o?
15
Suppose -9*v + 1069 + 245 = 0. What is the greatest common factor of 1971 and v?
73
Let i(t) = 10*t**2 + 1. Let k be i(-1). Suppose 271 = 5*f + k. Let x be (-2)/7*1 - 93/(-7). What is the highest common factor of x and f?
13
Suppose -198 = 2*h - 4*h + 4*q, 3*q = -9. Suppose -2*v - 2*w - h = v, 0 = -2*v + 5*w - 62. Let j = 54 + v. Calculate the highest common divisor of 161 and j.
23
Suppose -13 = -a - 5*p, -6*a + a + 5*p + 5 = 0. Let l be 1*-9*(-3)/(0 + a). What is the highest common divisor of 18 and l?
9
Suppose -139 = -5*h + d - 48, -5*h + 5*d + 95 = 0. Let p = 93 + 51. Calculate the greatest common factor of h and p.
18
Let q = -16 - -19. Suppose 2*z = 5*o - 31, q*o = -2*z - z + 6. Suppose -3*p + 156 = 3*m, 2*p - 4*m = -2*p + 232. What is the greatest common factor of p and o?
5
Suppose 3*k - 4*b - 304 = 0, -7*k = -2*k + b - 476. Let m = -40 + 64. What is the greatest common factor of k and m?
24
Suppose 5*d - 4*q - 158 = -35, -2*d + 36 = 5*q. Let p = 2955 + -1690. Suppose -10*x + p = -5*x. What is the highest common factor of d and x?
23
Suppose -2*v - 2*v = 3*h + 4, -4*h + 3*v = -28. Suppose -s = -0*s - 4, -44 = -h*r - s. What is the greatest common factor of 110 and r?
10
Suppose 0 = 2*h + k - 7 - 77, h = -5*k + 24. Let n(w) = w + 5. Let f be n(6). What is the highest common factor of f and h?
11
Let w(i) = 12*i**2 + 9*i - 3. Let b be w(4). Suppose b - 49 = 4*r. Let f be (2/(-5))/((-3)/30). What is the highest common divisor of r and f?
4
Let m(x) = 50*x**2 - 76*x + 388. Let h be m(5). Calculate the greatest common factor of 74 and h.
74
Let u(b) = -b**3 - 15*b**2 - 15*b + 5. Suppose m = -5*d - 2*m - 70, -2*m = -3*d - 42. Let i be u(d). Calculate the greatest common factor of 95 and i.
19
Suppose 3*u + 27 = r + 2*r, 2*r - 22 = -2*u. Suppose -4*a = -a + 33. Let d = 16 + a. What is the highest common divisor of r and d?
5
Let z(r) = r**3 + 6*r**2 - 8*r + 19. Let v be z(-7). Let s = 10 + v. What is the greatest common divisor of 180 and s?
36
Let w(v) = 26*v + 152. Let j be w(-5). What is the highest common factor of 1408 and j?
22
Suppose w = 8*g - 13*g + 2628, 2*g - 1056 = -2*w. What is the highest common divisor of g and 300?
75
Suppose 3*r - r - 256 = 0. Suppose -w - 325 = -341. Calculate the greatest common factor of r and w.
16
Let h be (2 - (4 + 0))*650/(-4). What is the highest common factor of 455 and h?
65
Let f be -1 + (-3)/2*-86. Suppose 8*k - 416 = -5*k. Calculate the highest common factor of k and f.
32
Suppose -290*x - 972 = -292*x. Calculate the greatest common divisor of 18 and x.
18
Let a be 2/5 - (-123)/5. Let r be (-3)/(6/(-5))*-2*-1. Calculate the highest common factor of a and r.
5
Suppose -o + 4*d = -95, 2*d = -o - 14 + 79. Calculate the highest common divisor of 21 and o.
3
Let v be (0 - -1) + 37 + 2. Suppose 1 = -2*b + 1. Suppose 0 = -b*m + 5*m - 40. What is the greatest common divisor of v and m?
8
Let w be (147/(-35))/(6/(-20)). What is the highest common factor of w and 77?
7
Suppose -l + 11*h - 8*h + 210 = 0, -804 = -4*l + 3*h. Calculate the highest common factor of l and 72.
18
Let l(q) = -q**2 + 8*q + 309. Let t be l(22). What is the highest common factor of t and 121?
1
Suppose 5*p + 2*b - 239 = 0, 84 = 4*p + 4*b - 124. Suppose 4*n + d = 63, -n - 2*d + 81 = 4*n. What is the highest common divisor of p and n?
15
Let i = -36 - -242. Suppose 2*s - 1537 = -5*h, 2*s + i + 111 = h. Let x = -179 + h. Calculate the highest common factor of x and 52.
26
Let x = -128 - -148. Suppose 4*t - 8 = 3*t. Calculate the highest common factor of x and t.
4
Suppose 2*x - 130 = -4*q, -290*q + 294*q = 5*x + 151. Calculate the greatest common factor of q and 2567.
17
Suppose 3*p - 5 - 13 = 0. Let d(a) = 3*a - 4. Let o be d(-6). Let w be o/(-1 - 1) + 1. What is the greatest common factor of w and p?
6
Let s be 135/21 - (120/35 - 4). Suppose 500 = -r - 4*r. Let i = r + 156. What is the highest common divisor of s and i?
7
Let u be 4/6*(-4770)/(-20). Calculate the greatest common factor of u and 53.
53
Suppose 10*c = 4*c + 6. What is the greatest common factor of 7 and c?
1
Let r = -200 + 212. Calculate the greatest common factor of r and 348.
12
Suppose 0 = k - 4, -3*i + 0*i = 4*k - 394. Calculate the highest common factor of 54 and i.
18
Suppose 6*n - 1 = 11. Suppose -513 = -4*s - 5*w, -n*w - 144 = -s + 2*w. Let r = 14 - 2. What is the highest common factor of r and s?
12
Let s(c) = c**3 + c**2 - 3*c + 1. Let k = 13 - 9. Let r be s(k). Let d = -27 + r. What is the greatest common factor of d and 63?
21
Suppose 3*v - t - 2 = 1, -2*v - 12 = 4*t. Let i be 0/1 - v - -8. Suppose -4*q + 36 = 5*z, 19 = 3*z + q + 4*q. What is the greatest common factor of i and z?
8
Let s = 13 - -2. Suppose -4*l = -l - s. Suppose -85 = -5*q - l. What is the greatest common factor of 8 and q?
8
Let m = -1793 - -1895. Calculate the highest common factor of 48 and m.
6
Suppose 128 + 304 = 6*i. Calculate the greatest common divisor of 48 and i.
24
Suppose 4*z = 46 + 18. Calculate the highest common divisor of 592 and z.
16
Suppose 1270 = 5*i - 2*w, 5*w = -i + 55 + 226. What is the greatest common divisor of 64 and i?
64
Let g be (-833)/(-68)*(-28)/(-1). Let z = 227 - 178. Calculate the greatest common divisor of g and z.
49
Suppose -111*y + 116*y = 105. Calculate the greatest common factor of y and 1659.
21
Let j = -1966 - -1990. Let u = 70 + -10. What is the highest common factor of u and j?
12
Let s(j) = 63*j - 17. Let q be s(-6). Let a be (-3)/(-2)*(1 - q). Calculate the highest common factor of 54 and a.
54
Let r(s) = 6*s**2 - 3*s - 2. Let p be r(-1). Let u(b) = b + 2. Let z be u(5). Calculate the greatest common factor of p and z.
7
Suppose 0*s + 22 = s. Let a = 63 - 30. What is the highest common factor of a and s?
11
Let o be 6 + (5 - 12/(-4)). Calculate the greatest common divisor of o and 252.
14
Let o be 4/16 - (-19)/4. Suppose -2*k = -3*k + 5*c + 109, -435 = -o*k + 3*c. Let z be (-1)/6 - (-2366)/k. What is the greatest common divisor of 4 and z?
4
Suppose -a = -2*z + 58, 2*z - 2*a - 71 + 9 = 0. What is the highest common factor of 216 and z?
27
Let z(g) = -g**3 + g**2 + 3*g + 1. Let m be z(-2). Let t = 112 - 105. Suppose -y - 6 = -t. Calculate the highest common divisor of m and y.
1
Let w = -983 - -1017. Calculate the highest common divisor of w and 1717.
17
Suppose -4*k + 4*f + 188 = 0, -4*k + f = -104 - 69. Let g = 176 + -50. What is the greatest common factor of g and k?
42
Suppose 3*i = -4*j + 87, 15*i - 19*i - 60 = -2*j. Calculate the highest common factor of j and 84.
12
Suppose 101 + 49 = -5*x. Let g be ((-126)/(-27))/((-4)/x). What is the highest common divisor of g and 7?
7
Let j(v) = -v**2 + 39*v - 209. Let g be j(7). Calculate the highest common factor of 285 and g.
15
Let d be ((-13)/3)/((-184)/(-36) + -5). Let r be (3 - d/12) + 4/(-16). What is the greatest common factor of r and 6?
6
Let y(w) = w**3 + 4*w**2 - 2*w - 2. Let u be y(-4). Let b be (9/u)/(4 + (-23)/6). Calculate the greatest common divisor of 72 and b.
9
Let y(v) = v**3 + v**2 - v + 1. Let w(c) = 8*c**3 + 2*c**2 - 2. Let l(h) = w(h) - 6*y(h). Let d be l(4). Calculate 